{"id":159,"date":"2019-07-11T22:23:27","date_gmt":"2019-07-11T20:23:27","guid":{"rendered":"https:\/\/batcave1.myqnapcloud.com:8081\/wordpress\/?page_id=159"},"modified":"2019-09-10T09:28:38","modified_gmt":"2019-09-10T09:28:38","slug":"neuromuskulaere-therapie","status":"publish","type":"page","link":"https:\/\/www.heilpraktiker-safr.de\/wordpress\/neuromuskulaere-therapie\/","title":{"rendered":"Neuromuskul\u00e4re Therapie"},"content":{"rendered":"\n<p>Schmerzfreie Bewegung wird erm\u00f6glicht durch die effiziente Arbeit des &#8222;Neuromuskul\u00e4ren Systems&#8220;, korrekte Funktion von Muskeln, Faszien, Nervensystem und Gelenken. Allt\u00e4gliche Fehlbelastungen, Verletzungen und psychischer Stress f\u00fchren zur Minderdurchblutung und Schmerz wg. \u00dcbers\u00e4uerung der Gewebe. Hierbei entstehen sog.&nbsp;Triggerpunkte (Gewebeverdichtungen), die \u00fcber das Nervensystem zu Ausstrahlungsbeschwerden in anderen Arealen des K\u00f6rpers f\u00fchren k\u00f6nnen. Einige dieser Triggerpunkte k\u00f6nnen auch diverse vegetative Begleitsymptome (Schwindel, Tinnitus, \u2026) ausl\u00f6sen. <\/p>\n\n\n\n<p><strong>Neuromuskul\u00e4re Therapie<\/strong>&nbsp;l\u00f6st diese Triggerpunkte mit speziellen manuellen Techniken, den sog. \u201eNeuromuskul\u00e4ren Techniken\u201c, beseitigt&nbsp;Muskeldysbalancen, ordnet den Bewegungsaufbau und entlastet Nerven, Gelenke, Organe und lindert vegetative Begleitsymptome.<\/p>\n","protected":false},"excerpt":{"rendered":"<p>Schmerzfreie Bewegung wird erm\u00f6glicht durch die effiziente Arbeit des &#8222;Neuromuskul\u00e4ren Systems&#8220;, korrekte Funktion von Muskeln, Faszien, Nervensystem und Gelenken. Allt\u00e4gliche Fehlbelastungen, Verletzungen und psychischer Stress f\u00fchren zur Minderdurchblutung und Schmerz wg. \u00dcbers\u00e4uerung der Gewebe. Hierbei entstehen sog.&nbsp;Triggerpunkte (Gewebeverdichtungen), die \u00fcber das Nervensystem zu Ausstrahlungsbeschwerden in anderen Arealen des K\u00f6rpers f\u00fchren k\u00f6nnen. Einige dieser Triggerpunkte k\u00f6nnen [&hellip;]<\/p>\n","protected":false},"author":1,"featured_media":246,"parent":0,"menu_order":0,"comment_status":"closed","ping_status":"closed","template":"","meta":{"footnotes":""},"class_list":["post-159","page","type-page","status-publish","has-post-thumbnail","hentry"],"aioseo_notices":[],"_links":{"self":[{"href":"https:\/\/www.heilpraktiker-safr.de\/wordpress\/wp-json\/wp\/v2\/pages\/159","targetHints":{"allow":["GET"]}}],"collection":[{"href":"https:\/\/www.heilpraktiker-safr.de\/wordpress\/wp-json\/wp\/v2\/pages"}],"about":[{"href":"https:\/\/www.heilpraktiker-safr.de\/wordpress\/wp-json\/wp\/v2\/types\/page"}],"author":[{"embeddable":true,"href":"https:\/\/www.heilpraktiker-safr.de\/wordpress\/wp-json\/wp\/v2\/users\/1"}],"replies":[{"embeddable":true,"href":"https:\/\/www.heilpraktiker-safr.de\/wordpress\/wp-json\/wp\/v2\/comments?post=159"}],"version-history":[{"count":2,"href":"https:\/\/www.heilpraktiker-safr.de\/wordpress\/wp-json\/wp\/v2\/pages\/159\/revisions"}],"predecessor-version":[{"id":230,"href":"https:\/\/www.heilpraktiker-safr.de\/wordpress\/wp-json\/wp\/v2\/pages\/159\/revisions\/230"}],"wp:featuredmedia":[{"embeddable":true,"href":"https:\/\/www.heilpraktiker-safr.de\/wordpress\/wp-json\/wp\/v2\/media\/246"}],"wp:attachment":[{"href":"https:\/\/www.heilpraktiker-safr.de\/wordpress\/wp-json\/wp\/v2\/media?parent=159"}],"curies":[{"name":"wp","href":"https:\/\/api.w.org\/{rel}","templated":true}]}}