{"id":161,"date":"2019-07-11T22:26:08","date_gmt":"2019-07-11T20:26:08","guid":{"rendered":"https:\/\/batcave1.myqnapcloud.com:8081\/wordpress\/?page_id=161"},"modified":"2019-09-10T09:28:16","modified_gmt":"2019-09-10T09:28:16","slug":"medizinisches-tapen","status":"publish","type":"page","link":"https:\/\/www.heilpraktiker-safr.de\/wordpress\/medizinisches-tapen\/","title":{"rendered":"Medizinisches Tapen"},"content":{"rendered":"\n<h3 class=\"wp-block-heading\">Konzept und Wirkung<\/h3>\n\n\n\n<p>Schon vor ca. 3000 Jahren haben sich alte Kulturen mit der Technik des Verbandanlegens besch\u00e4ftigt, zum Beispiel mit Leinen, das in Harz getr\u00e4nkt&nbsp; und angelegt wurde. Im Laufe der Jahre wurde diese Methode stetig weiterentwickelt, u. a. von Paul Beiersdorf, der bereits 1882 das uns heute bekannte Leukoplast erfand oder dem japanischen Chiropraktiker Kenzo Kase, der vor ca. 30 Jahren ein Pflaster mit elastischen, atmungsaktiven und hautfreundlichen Eigenschaften entwickelte.<br><br>In&nbsp; L\u00e4ndern wie z. B. Amerika und Japan wird das Anlegen eines elastischen, selbstklebenden Verbandes schon lange praktiziert. Auch bei uns wird das so genannte Tapen (auch: Aku-Taping, Dolo-Taping, Kinesio-Taping, Medi-Taping, K-Taping u. a.) immer beliebter. Bei der Behandlung werden ca. 5 cm breite, elastische Baumwollklebeb\u00e4nder unter Zug direkt auf die Haut geklebt. Dabei stehen dem Heilpraktiker \u2013 je nach zugrunde liegender Indikation &#8211; verschiedenfarbige Tapes (s. u.) zur Verf\u00fcgung.&nbsp; Die Behandlung dient der Unterst\u00fctzung geschw\u00e4chter oder gesch\u00e4digter Gelenke, Muskeln, Sehen oder B\u00e4nder, der Durchblutungsf\u00f6rderung und der Schmerzreduktion. Vorbeugend oder behandelnd kommen Tapeb\u00e4nder z. B. nach Verletzungen, bei Erkrankungen oder Abnutzungserscheinungen am Bewegungsapparat, Nervenl\u00e4hmungen etc. zum Einsatz. Das Tapen bewirkt einen positiven Massageeffekt, steigert den Lymphfluss (und f\u00f6rdert somit z. B. den Abbau von H\u00e4matomen (\u201eblauen Flecken\u201c)), wirkt ausgleichend auf den Muskeltonus und regt die Selbstheilungskr\u00e4fte des K\u00f6rpers an. <br><br>Die Therapie l\u00e4sst sich auch sehr gut z. B. mit Akupunktur, Chiropraktik oder Neuraltherapie kombinieren. <br><br>Wissenschaftliche Studien zum Tapen fehlen noch, Patienten und Heilpraktiker berichten aber \u00fcbereinstimmend von guten Erfolgen mit der Therapie. <\/p>\n\n\n\n<h3 class=\"wp-block-heading\">Anwendung<\/h3>\n\n\n\n<p>Zu Beginn steht immer die ausf\u00fchrliche Befunderhebung. Vor der Anwendung eines Tapeverbandes muss die Haut von Fettr\u00fcckst\u00e4nden durch Pflegecremes oder Salben befreit und ggf. auch rasiert werden.<br><br>Tapeb\u00e4nder sind aus Baumwollmaterial, auf der R\u00fcckseite mit einem allergiearmen Akrylkleber beschichtet und trotzdem luft- und wasserdurchl\u00e4ssig. Sie sind sehr dehnbar und in verschiedenen Breiten und Farben erh\u00e4ltlich. So werden z. B. rote B\u00e4nder eingesetzt, wenn Energie zugef\u00fchrt werden soll, hautfarbene B\u00e4nder sollen neutral und gr\u00fcne beruhigend wirken.<br><br>Das Setzen der Tapes dauert i. d. Regel nur wenige Minuten. Tapeb\u00e4nder verbleiben ca. 4-7 Tage auf der Haut und werden dann gewechselt. Die Dauer der Anwendung richtet sich nach der zu Grunde liegenden Erkrankung. Akute Geschehen werden \u00fcber mehrere Wochen behandelt, chronische Erkrankungen m\u00fcssen \u00fcber mehrere Monate behandelt werden. Eine Besserung der Beschwerden (z. B. eine Schmerzlinderung) kann, ebenfalls abh\u00e4ngig von der zu Grunde liegenden Erkrankung, schon nach kurzer Zeit einsetzen. Ihr Heilpraktiker ber\u00e4t Sie gerne ausf\u00fchrlich und individuell.<br><br>Mit Tapeb\u00e4ndern kann in normalem Umfang geduscht und gebadet werden, lediglich Saunag\u00e4nge oder Soleb\u00e4der k\u00f6nnen dazu f\u00fchren, dass die B\u00e4nder sich l\u00f6sen.<\/p>\n\n\n\n<h3 class=\"wp-block-heading\">Anwendungsbeispiele (alphabetisch)<\/h3>\n\n\n\n<p>Taping eignet sich zur Vorbeugung oder Behandlung diverser Beschwerden des gesamten Bewegungsapparates wie z. B.:<\/p>\n\n\n\n<ul class=\"wp-block-list\"><li>Beschwerden am Bandapparat wie Instabilit\u00e4t, Entz\u00fcndungen<\/li><li>Beschwerden im muskul\u00e4ren Bereich wie Muskelhartspann, Myogelosen,&nbsp; Muskelatrophie, Muskelfaserrisse,<\/li><li>Beschwerden ausgel\u00f6st durch einen erh\u00f6hten Muskeltonus wie z. B. Kopfschmerzen, Kieferschmerzen<\/li><li>Beschwerden im Bereich der inneren Organe wie Verdauungsbeschwerden, Harnwegsbeschwerden<\/li><li>Beschwerden im Bereich des Lymphsystems<\/li><li>Narbenbehandlungen (frische, verheilte Narben nach Operationen) Erkrankungen des Bewegungsapparates wie Wirbels\u00e4ulen<\/li><li>Beschwerden,&nbsp; Impingementsyndrom, Arthrose der Gelenke, rheumatische Beschwerden<\/li><li>im gyn\u00e4kologischen Bereich Z. B. bei Schwangeren oder Menstruationsbeschwerden<\/li><li>nach einem Trauma, nach Prellung, Zerrung mit H\u00e4matombildung und Schwellung<\/li><\/ul>\n\n\n\n<h3 class=\"wp-block-heading\">Gegenanzeigen\/Kontraindikationen, Nebenwirkungen und Risiken<\/h3>\n\n\n\n<p>Auf Taping sollte verzichtet werden bei akuten Infektionserkrankungen, Allergien (z. B. gegen Acryl), B\u00e4nder-\/Sehnenrissen, Bettl\u00e4gerigkeit, Blutgerinnungsst\u00f6rungen, Diabetes, Gef\u00e4\u00dfverschl\u00fcssen\/Thrombosen, Gewebesch\u00e4den (Nekrosen), Knochenbr\u00fcchen, Knorpelsch\u00e4den, Neurodermitis oder Psoriasis (Schuppenflechte), offenen Wunden (z. B. ulcus cruris), Tumorerkrankungen, Wundheilungsst\u00f6rungen.<br><br>Bei Beachtung der individuellen Voraussetzungen des Patienten treten i. d. R. keine unerw\u00fcnschten Nebenwirkungen auf. Ich berate Sie Im Vorfeld gerne ausf\u00fchrlich.<\/p>\n","protected":false},"excerpt":{"rendered":"<p>Konzept und Wirkung Schon vor ca. 3000 Jahren haben sich alte Kulturen mit der Technik des Verbandanlegens besch\u00e4ftigt, zum Beispiel mit Leinen, das in Harz getr\u00e4nkt&nbsp; und angelegt wurde. Im Laufe der Jahre wurde diese Methode stetig weiterentwickelt, u. a. von Paul Beiersdorf, der bereits 1882 das uns heute bekannte Leukoplast erfand oder dem japanischen [&hellip;]<\/p>\n","protected":false},"author":1,"featured_media":246,"parent":0,"menu_order":0,"comment_status":"closed","ping_status":"closed","template":"","meta":{"footnotes":""},"class_list":["post-161","page","type-page","status-publish","has-post-thumbnail","hentry"],"aioseo_notices":[],"_links":{"self":[{"href":"https:\/\/www.heilpraktiker-safr.de\/wordpress\/wp-json\/wp\/v2\/pages\/161","targetHints":{"allow":["GET"]}}],"collection":[{"href":"https:\/\/www.heilpraktiker-safr.de\/wordpress\/wp-json\/wp\/v2\/pages"}],"about":[{"href":"https:\/\/www.heilpraktiker-safr.de\/wordpress\/wp-json\/wp\/v2\/types\/page"}],"author":[{"embeddable":true,"href":"https:\/\/www.heilpraktiker-safr.de\/wordpress\/wp-json\/wp\/v2\/users\/1"}],"replies":[{"embeddable":true,"href":"https:\/\/www.heilpraktiker-safr.de\/wordpress\/wp-json\/wp\/v2\/comments?post=161"}],"version-history":[{"count":7,"href":"https:\/\/www.heilpraktiker-safr.de\/wordpress\/wp-json\/wp\/v2\/pages\/161\/revisions"}],"predecessor-version":[{"id":267,"href":"https:\/\/www.heilpraktiker-safr.de\/wordpress\/wp-json\/wp\/v2\/pages\/161\/revisions\/267"}],"wp:featuredmedia":[{"embeddable":true,"href":"https:\/\/www.heilpraktiker-safr.de\/wordpress\/wp-json\/wp\/v2\/media\/246"}],"wp:attachment":[{"href":"https:\/\/www.heilpraktiker-safr.de\/wordpress\/wp-json\/wp\/v2\/media?parent=161"}],"curies":[{"name":"wp","href":"https:\/\/api.w.org\/{rel}","templated":true}]}}