{"id":296,"date":"2019-09-27T08:37:12","date_gmt":"2019-09-27T08:37:12","guid":{"rendered":"https:\/\/www.heilpraktiker-safr.de\/wordpress\/?page_id=296"},"modified":"2019-10-03T18:40:51","modified_gmt":"2019-10-03T18:40:51","slug":"orthomelekulare-therapie","status":"publish","type":"page","link":"https:\/\/www.heilpraktiker-safr.de\/wordpress\/orthomelekulare-therapie\/","title":{"rendered":"Orthomolekulare Therapie"},"content":{"rendered":"\n<p>Mikron\u00e4hrstoffe sind die Grundlage f\u00fcr alle K\u00f6rperfunktionen. Fehlen sie, kommt es zu St\u00f6rungen im Stoffwechsel und langfristig zu Krankheiten.<\/p>\n\n\n\n<p>Die Orthomolekulare Therapie\/Mikron\u00e4hrstoffmedizin ist die Erhaltung der Gesundheit und Behandlung von Krankheiten mit Stoffen (Mikron\u00e4hrstoffen), die bereits im K\u00f6rper vorhanden sind &#8211; nur h\u00e4ufig zu wenig. Daher wird in der Orthomolekularen Therapie folgendes angestrebt:  <\/p>\n\n\n\n<ul class=\"wp-block-list\"><li> Behebung des definierten Defizits (kurativ), der St\u00f6rungen\u2009im\u200945-k\u00f6pfigen\u2009\u201cMikron\u00e4hrstoff-Orchester\u201c<strong> <\/strong>durch die Gabe einer spezifischen Mischung der\u2009Vitamine, der\u2009Mineralstoffe\u2009und\u2009Spurenelemente,\u2009der\u2009Fett-\u2009und der Aminos\u00e4uren\u2009sowie\u2009der\u2009sekund\u00e4ren\u2009Pflanzenstoffe. Zus\u00e4tzlich werden bei Bedarf auch Enzyme, Ballaststoffe, Pre- und Probiotika eingesetzt. <\/li><li> Optimierung der Ern\u00e4hrung, um Erreichtes nachhaltig zu stabilisieren. Hierzu dient die Ern\u00e4hrungsberatung und machmal auch eine Darmsanierung, damit die N\u00e4hrstoffe aus der Nahrung auch aufgenommen werden k\u00f6nnen.  <\/li><\/ul>\n\n\n\n<p>Hierzu setzt die Orthomolekulare Therapie neben Anamnese und gr\u00fcndlicher Untersuchung auch auf eine angemessene Labordiagnostik \u2013 \u201eerst messen, dann essen!\u201c<\/p>\n\n\n\n<p>Der Mikron\u00e4hrstoffhaushalt eines gesunden Menschen mit ausgewogener Ern\u00e4hrung wird durch die kurzfristige Einnahme eines Arzneimittels in der Regel nicht nachteilig beeinflusst.<\/p>\n\n\n\n<p>Werden allerdings ein oder mehrere Arzneimittel l\u00e4ngerfristig eingenommen, besteht immer das potenzielle Risiko f\u00fcr unerw\u00fcnschte Interaktionen mit dem N\u00e4hrstoffhaushalt.   <\/p>\n\n\n\n<p>Mikron\u00e4hrstoffe und Arzneimittel benutzen im Organismus bei der Verstoffwechselung die gleichen Transport\u00b7 und Stoffwechselwege.  Hierdurch kann sowohl die Wirkung eines Arzneimittels durch einen Mikron\u00e4hrstoff ver\u00e4ndert, als auch die physiologische Funktion eines Vitamins oder Mineralstoffs durch ein Medikament  gest\u00f6rt werden. Andererseits k\u00f6nnen Mikron\u00e4hrstoffe die Wirkung von Therapien und Medikamenten unterst\u00fctzen in dem sie deren Nebenwirkungen abmildern (z.B. in der Krebstherapie) oder wie z.B. in der Schmerzbehandlung zur Medikamentreduktion und damit zur Verringerung der Nebenwirkungen f\u00fchren k\u00f6nnen.  <\/p>\n\n\n\n<p>\n<strong>Risikofaktoren\n<\/strong><strong>f\u00fcr\nMikron\u00e4hrstoffdefizite<\/strong>:<\/p>\n\n\n\n<ul class=\"wp-block-list\"><li>bereits bestehende unzureichende  Versorgung mit einem <br>Mikron\u00e4hrstoff    <\/li><li>Langzeit- und Polypharmakotherapie<\/li><li> autodidaktisches Therapieren ohne fachm\u00e4nnische Analyse und <br> Beratung.<\/li><li> Fehlern\u00e4hrung    <\/li><li> erh\u00f6hter Bedarf (Sport, Schwangerschaft,..) <\/li><li> reduzierte Aufnahme (Alter, Verdauungsprobleme, Erkrankungen,\u2026)  <\/li><\/ul>\n\n\n<p><!--StartFragment--><\/p>\n\n\n<p><\/p>\n","protected":false},"excerpt":{"rendered":"<p>Mikron\u00e4hrstoffe sind die Grundlage f\u00fcr alle K\u00f6rperfunktionen. Fehlen sie, kommt es zu St\u00f6rungen im Stoffwechsel und langfristig zu Krankheiten. Die Orthomolekulare Therapie\/Mikron\u00e4hrstoffmedizin ist die Erhaltung der Gesundheit und Behandlung von Krankheiten mit Stoffen (Mikron\u00e4hrstoffen), die bereits im K\u00f6rper vorhanden sind &#8211; nur h\u00e4ufig zu wenig. Daher wird in der Orthomolekularen Therapie folgendes angestrebt: Behebung des [&hellip;]<\/p>\n","protected":false},"author":2,"featured_media":246,"parent":0,"menu_order":0,"comment_status":"closed","ping_status":"closed","template":"","meta":{"footnotes":""},"class_list":["post-296","page","type-page","status-publish","has-post-thumbnail","hentry"],"aioseo_notices":[],"_links":{"self":[{"href":"https:\/\/www.heilpraktiker-safr.de\/wordpress\/wp-json\/wp\/v2\/pages\/296","targetHints":{"allow":["GET"]}}],"collection":[{"href":"https:\/\/www.heilpraktiker-safr.de\/wordpress\/wp-json\/wp\/v2\/pages"}],"about":[{"href":"https:\/\/www.heilpraktiker-safr.de\/wordpress\/wp-json\/wp\/v2\/types\/page"}],"author":[{"embeddable":true,"href":"https:\/\/www.heilpraktiker-safr.de\/wordpress\/wp-json\/wp\/v2\/users\/2"}],"replies":[{"embeddable":true,"href":"https:\/\/www.heilpraktiker-safr.de\/wordpress\/wp-json\/wp\/v2\/comments?post=296"}],"version-history":[{"count":5,"href":"https:\/\/www.heilpraktiker-safr.de\/wordpress\/wp-json\/wp\/v2\/pages\/296\/revisions"}],"predecessor-version":[{"id":309,"href":"https:\/\/www.heilpraktiker-safr.de\/wordpress\/wp-json\/wp\/v2\/pages\/296\/revisions\/309"}],"wp:featuredmedia":[{"embeddable":true,"href":"https:\/\/www.heilpraktiker-safr.de\/wordpress\/wp-json\/wp\/v2\/media\/246"}],"wp:attachment":[{"href":"https:\/\/www.heilpraktiker-safr.de\/wordpress\/wp-json\/wp\/v2\/media?parent=296"}],"curies":[{"name":"wp","href":"https:\/\/api.w.org\/{rel}","templated":true}]}}